{"id":360,"date":"2020-12-18T18:57:49","date_gmt":"2020-12-18T23:57:49","guid":{"rendered":"http:\/\/osorioabogados.com\/?page_id=360"},"modified":"2021-02-01T12:28:10","modified_gmt":"2021-02-01T17:28:10","slug":"propiedad-intelectual","status":"publish","type":"page","link":"https:\/\/osorioabogados.com\/index.php\/propiedad-intelectual\/","title":{"rendered":"Propiedad Intelectual"},"content":{"rendered":"<p>[et_pb_section fb_built=\u00bb1&#8243; fullwidth=\u00bbon\u00bb _builder_version=\u00bb3.19.11&#8243;][et_pb_fullwidth_image src=\u00bbhttp:\/\/osorioabogados.com\/wp-content\/uploads\/2021\/02\/Propiedad-Intelectual_Mesa-de-trabajo-1.png\u00bb _builder_version=\u00bb3.19.11&#8243;][\/et_pb_fullwidth_image][\/et_pb_section][et_pb_section fb_built=\u00bb1&#8243; _builder_version=\u00bb3.19.11&#8243;][et_pb_row make_fullwidth=\u00bbon\u00bb _builder_version=\u00bb3.19.11&#8243;][et_pb_column type=\u00bb3_5&#8243; _builder_version=\u00bb3.19.11&#8243; parallax=\u00bboff\u00bb parallax_method=\u00bbon\u00bb][et_pb_code _builder_version=\u00bb3.19.11&#8243;]<!DOCTYPE html><!-- [et_pb_line_break_holder] --><html><!-- [et_pb_line_break_holder] --><head><!-- [et_pb_line_break_holder] --><meta name=\"viewport\" content=\"width=device-width, initial-scale=1\"><!-- [et_pb_line_break_holder] --><\/p>\n<style><!-- [et_pb_line_break_holder] -->div.example {<!-- [et_pb_line_break_holder] -->   line-height:1;<!-- [et_pb_line_break_holder] -->  color: #222c84;<!-- [et_pb_line_break_holder] -->  padding-bottom: 20px;<!-- [et_pb_line_break_holder] -->  font-weight:bold;<!-- [et_pb_line_break_holder] -->  font-family:lato;<!-- [et_pb_line_break_holder] -->  text-align:left;<!-- [et_pb_line_break_holder] -->}<!-- [et_pb_line_break_holder] -->  <!-- [et_pb_line_break_holder] -->  div.example2 {<!-- [et_pb_line_break_holder] -->  color: #222c84;<!-- [et_pb_line_break_holder] -->  padding-bottom: 30px;<!-- [et_pb_line_break_holder] -->  font-weight:bold;<!-- [et_pb_line_break_holder] -->  font-family:lato;<!-- [et_pb_line_break_holder] -->    line-height:1;<!-- [et_pb_line_break_holder] -->}<!-- [et_pb_line_break_holder] -->  div.parrafo{<!-- [et_pb_line_break_holder] -->    line-height:1.3;<!-- [et_pb_line_break_holder] -->  }<!-- [et_pb_line_break_holder] -->  <!-- [et_pb_line_break_holder] -->  div.lista{<!-- [et_pb_line_break_holder] -->    line-height:1;<!-- [et_pb_line_break_holder] -->    color:black;<!-- [et_pb_line_break_holder] -->  }<!-- [et_pb_line_break_holder] --><!-- [et_pb_line_break_holder] -->@media screen and (min-width: 601px) {<!-- [et_pb_line_break_holder] -->  div.example {<!-- [et_pb_line_break_holder] -->    font-size: 90px;<!-- [et_pb_line_break_holder] -->  }<!-- [et_pb_line_break_holder] -->  div.example2 {<!-- [et_pb_line_break_holder] -->    font-size: 60px;<!-- [et_pb_line_break_holder] -->  }<!-- [et_pb_line_break_holder] -->  div.parrafo {<!-- [et_pb_line_break_holder] -->    font-size: 1.5vw;<!-- [et_pb_line_break_holder] -->    padding-bottom:2vw;<!-- [et_pb_line_break_holder] -->  }<!-- [et_pb_line_break_holder] -->   div.lista{<!-- [et_pb_line_break_holder] -->    line-height:1;<!-- [et_pb_line_break_holder] -->    color:black;<!-- [et_pb_line_break_holder] -->      font-size: 1.5vw;<!-- [et_pb_line_break_holder] -->  }<!-- [et_pb_line_break_holder] -->}<!-- [et_pb_line_break_holder] --><!-- [et_pb_line_break_holder] -->@media screen and (max-width: 600px) {<!-- [et_pb_line_break_holder] -->  div.example {<!-- [et_pb_line_break_holder] -->    font-size: 10vw;<!-- [et_pb_line_break_holder] -->  }<!-- [et_pb_line_break_holder] -->  div.example2 {<!-- [et_pb_line_break_holder] -->    font-size: 6vw;<!-- [et_pb_line_break_holder] -->  }<!-- [et_pb_line_break_holder] -->  div.parrafo {<!-- [et_pb_line_break_holder] -->    font-size: 4vw;<!-- [et_pb_line_break_holder] -->    text-align:center;<!-- [et_pb_line_break_holder] -->  }<!-- [et_pb_line_break_holder] -->  div.lista{<!-- [et_pb_line_break_holder] -->    line-height:1;<!-- [et_pb_line_break_holder] -->    color:black;<!-- [et_pb_line_break_holder] -->      font-size: 4vw;<!-- [et_pb_line_break_holder] -->    text-align:left;<!-- [et_pb_line_break_holder] -->  }<!-- [et_pb_line_break_holder] -->  <!-- [et_pb_line_break_holder] -->}<!-- [et_pb_line_break_holder] --><\/style>\n<p><!-- [et_pb_line_break_holder] --><\/head><!-- [et_pb_line_break_holder] --><body><!-- [et_pb_line_break_holder] --><!-- [et_pb_line_break_holder] --><!-- [et_pb_line_break_holder] --><!-- [et_pb_line_break_holder] --><\/p>\n<div class=\"example\">Propiedad intelectual<\/div>\n<p><!-- [et_pb_line_break_holder] --><!-- [et_pb_line_break_holder] --><br \/><!-- [et_pb_line_break_holder] -->  <\/p>\n<div class=\"parrafo\" style=\"color:black;\"><!-- [et_pb_line_break_holder] --> Regula los derechos inherentes a la creaci\u00f3n de la mente humana, tales como inventos, obras literarias, obras art\u00edsticas, s\u00edmbolos, marcas, dibujos y modelos. Su aplicaci\u00f3n corresponde a la manera de adquirir los derechos, c\u00f3mo se defienden y c\u00f3mo se explotan comercialmente.<!-- [et_pb_line_break_holder] -->  <\/div>\n<p><!-- [et_pb_line_break_holder] -->  <br \/><!-- [et_pb_line_break_holder] -->  <\/p>\n<div class=\"example2\"><!-- [et_pb_line_break_holder] --> Por ejemplo:<!-- [et_pb_line_break_holder] -->  <\/div>\n<p><!-- [et_pb_line_break_holder] -->  <!-- [et_pb_line_break_holder] --><\/p>\n<div class=\"lista\" style=\"color:black;\"><!-- [et_pb_line_break_holder] --> <span>\u2022<\/span><!-- [et_pb_line_break_holder] -->Registro de marcas.<!-- [et_pb_line_break_holder] --><!-- [et_pb_line_break_holder] -->  <\/div>\n<p><!-- [et_pb_line_break_holder] -->  <br \/><!-- [et_pb_line_break_holder] -->  <\/p>\n<div class=\"lista\" style=\"color:black;\"><!-- [et_pb_line_break_holder] --> <span>\u2022<\/span><!-- [et_pb_line_break_holder] -->Patentes<!-- [et_pb_line_break_holder] -->  <\/div>\n<p><!-- [et_pb_line_break_holder] -->  <br \/><!-- [et_pb_line_break_holder] -->  <\/p>\n<div class=\"lista\" style=\"color:black;\"><!-- [et_pb_line_break_holder] --> <span>\u2022<\/span><!-- [et_pb_line_break_holder] -->Propiedad industrial.<!-- [et_pb_line_break_holder] -->  <\/div>\n<p><!-- [et_pb_line_break_holder] -->  <br \/><!-- [et_pb_line_break_holder] -->  <\/p>\n<div class=\"lista\" style=\"color:black;\"><!-- [et_pb_line_break_holder] --> <span>\u2022<\/span><!-- [et_pb_line_break_holder] --> Franquicias.<!-- [et_pb_line_break_holder] -->  <\/div>\n<p><!-- [et_pb_line_break_holder] --><!-- [et_pb_line_break_holder] --><\/body><!-- [et_pb_line_break_holder] --><\/html><!-- [et_pb_line_break_holder] -->[\/et_pb_code][\/et_pb_column][et_pb_column type=\u00bb2_5&#8243; _builder_version=\u00bb3.19.11&#8243; parallax=\u00bboff\u00bb parallax_method=\u00bbon\u00bb][et_pb_image src=\u00bbhttp:\/\/osorioabogados.com\/wp-content\/uploads\/2020\/12\/Propiedad-intelectual-02.png\u00bb _builder_version=\u00bb3.19.11&#8243;][\/et_pb_image][\/et_pb_column][\/et_pb_row][\/et_pb_section]<\/p>\n","protected":false},"excerpt":{"rendered":"<p>[et_pb_section fb_built=\u00bb1&#8243; fullwidth=\u00bbon\u00bb _builder_version=\u00bb3.19.11&#8243;][et_pb_fullwidth_image src=\u00bbhttp:\/\/osorioabogados.com\/wp-content\/uploads\/2021\/02\/Propiedad-Intelectual_Mesa-de-trabajo-1.png\u00bb _builder_version=\u00bb3.19.11&#8243;][\/et_pb_fullwidth_image][\/et_pb_section][et_pb_section fb_built=\u00bb1&#8243; _builder_version=\u00bb3.19.11&#8243;][et_pb_row make_fullwidth=\u00bbon\u00bb _builder_version=\u00bb3.19.11&#8243;][et_pb_column type=\u00bb3_5&#8243; _builder_version=\u00bb3.19.11&#8243; parallax=\u00bboff\u00bb parallax_method=\u00bbon\u00bb][et_pb_code _builder_version=\u00bb3.19.11&#8243;] Propiedad intelectual Regula los derechos inherentes a la creaci\u00f3n de la mente humana, tales como inventos, obras literarias, obras art\u00edsticas, s\u00edmbolos, marcas, dibujos y modelos. Su aplicaci\u00f3n corresponde a la manera de adquirir los derechos, c\u00f3mo se defienden y c\u00f3mo [&hellip;]<\/p>\n","protected":false},"author":1,"featured_media":0,"parent":0,"menu_order":0,"comment_status":"closed","ping_status":"closed","template":"","meta":{"_et_pb_use_builder":"on","_et_pb_old_content":""},"_links":{"self":[{"href":"https:\/\/osorioabogados.com\/index.php\/wp-json\/wp\/v2\/pages\/360"}],"collection":[{"href":"https:\/\/osorioabogados.com\/index.php\/wp-json\/wp\/v2\/pages"}],"about":[{"href":"https:\/\/osorioabogados.com\/index.php\/wp-json\/wp\/v2\/types\/page"}],"author":[{"embeddable":true,"href":"https:\/\/osorioabogados.com\/index.php\/wp-json\/wp\/v2\/users\/1"}],"replies":[{"embeddable":true,"href":"https:\/\/osorioabogados.com\/index.php\/wp-json\/wp\/v2\/comments?post=360"}],"version-history":[{"count":10,"href":"https:\/\/osorioabogados.com\/index.php\/wp-json\/wp\/v2\/pages\/360\/revisions"}],"predecessor-version":[{"id":944,"href":"https:\/\/osorioabogados.com\/index.php\/wp-json\/wp\/v2\/pages\/360\/revisions\/944"}],"wp:attachment":[{"href":"https:\/\/osorioabogados.com\/index.php\/wp-json\/wp\/v2\/media?parent=360"}],"curies":[{"name":"wp","href":"https:\/\/api.w.org\/{rel}","templated":true}]}}