{"id":299,"date":"2020-12-16T18:09:30","date_gmt":"2020-12-16T23:09:30","guid":{"rendered":"http:\/\/osorioabogados.com\/?page_id=299"},"modified":"2021-01-03T22:13:11","modified_gmt":"2021-01-04T03:13:11","slug":"esmir","status":"publish","type":"page","link":"https:\/\/osorioabogados.com\/index.php\/esmir\/","title":{"rendered":"Esmir"},"content":{"rendered":"<p>[et_pb_section fb_built=\u00bb1&#8243; _builder_version=\u00bb3.19.11&#8243; custom_padding=\u00bb54px|0px|28px|0px|false|false\u00bb][et_pb_row make_fullwidth=\u00bbon\u00bb custom_padding=\u00bb27px|0px|0|0px|false|false\u00bb _builder_version=\u00bb3.19.11&#8243;][et_pb_column type=\u00bb1_2&#8243; _builder_version=\u00bb3.19.11&#8243; parallax=\u00bboff\u00bb parallax_method=\u00bbon\u00bb][et_pb_image src=\u00bbhttp:\/\/osorioabogados.com\/wp-content\/uploads\/2020\/12\/Esmir-perfil-01.png\u00bb _builder_version=\u00bb3.19.11&#8243;][\/et_pb_image][\/et_pb_column][et_pb_column type=\u00bb1_2&#8243; _builder_version=\u00bb3.19.11&#8243; parallax=\u00bboff\u00bb parallax_method=\u00bbon\u00bb][et_pb_code _builder_version=\u00bb3.19.11&#8243;]<!-- [et_pb_line_break_holder] --><br \/><!-- [et_pb_line_break_holder] --><\/p>\n<h1 style=\"color:black;font-size:5vw;font-family:lato;\"><!-- [et_pb_line_break_holder] -->  Esmir Osorio Cano<!-- [et_pb_line_break_holder] --><\/h1>\n<p><!-- [et_pb_line_break_holder] --><\/p>\n<h2 style=\"color:black;font-size:3vw;font-family:lato\"><!-- [et_pb_line_break_holder] -->  Socio y Gerente<!-- [et_pb_line_break_holder] --><\/h2>\n<p><!-- [et_pb_line_break_holder] --><br \/><!-- [et_pb_line_break_holder] --><\/p>\n<h3 style=\"font-family:lato; text-align: left;font-size:1.3vw;color:#000000\"><!-- [et_pb_line_break_holder] --> <b> Formaci\u00f3n: <\/b><!-- [et_pb_line_break_holder] --><\/h3>\n<p><!-- [et_pb_line_break_holder] --><!-- [et_pb_line_break_holder] --><\/p>\n<div style=\"font-family:lato; text-align: left;font-size:1.3vw;color:#000000\"><!-- [et_pb_line_break_holder] -->  <\/p>\n<ul><!-- [et_pb_line_break_holder] -->  <\/p>\n<li>\n<pre style=\"font-family:lato; text-align: left;font-size:1.3vw;color:#000000\" ><b>Abogado.<\/b><br>Universidad de San Buenaventura Cali.<\/pre>\n<\/li>\n<p><!-- [et_pb_line_break_holder] -->     <\/p>\n<li>\n<pre style=\"font-family:lato; text-align: left;font-size:1.3vw;color:#000000\" ><b>Especialista en Derecho Comercial.<\/b><br>Universidad Pontificia Bolivariana de Medellin.<\/pre>\n<\/li>\n<p><!-- [et_pb_line_break_holder] -->    <\/p>\n<li>\n<pre style=\"font-family:lato; text-align: left;font-size:1.3vw;color:#000000\" ><b>Diplomado en derecho tributario.<\/b><br>Universidad de San Buenaventura Cali.<\/pre>\n<\/li>\n<p><!-- [et_pb_line_break_holder] -->    <\/p>\n<li>\n<pre style=\"font-family:lato; text-align: left;font-size:1.3vw;color:#000000\" >Merecedor de la calificaci\u00f3n \"Suma Cum Laude\" o \"Laureada\" a la tesis<br> de grado \"\u00bfPor qu\u00e9 no son responsables penalmente las personas<br> jur\u00eddicas?\".<\/pre>\n<\/li>\n<p><!-- [et_pb_line_break_holder] --><\/ul>\n<p>   <!-- [et_pb_line_break_holder] --><\/div>\n<p><!-- [et_pb_line_break_holder] -->  <br \/><!-- [et_pb_line_break_holder] -->    <\/p>\n<h3 style=\"font-family:lato; text-align: left;font-size:1.3vw;color:#000000\"><!-- [et_pb_line_break_holder] --> <b> \u00c1reas de experticia: <\/b><!-- [et_pb_line_break_holder] --><\/h3>\n<p><!-- [et_pb_line_break_holder] --><\/p>\n<div style=\"font-family:lato; text-align: left;font-size:1.3vw;color:#000000\"><!-- [et_pb_line_break_holder] -->  <\/p>\n<ul><!-- [et_pb_line_break_holder] -->  <\/p>\n<li>\n<pre style=\"font-family:lato; text-align: left;font-size:1.3vw;color:#000000\" >Asesor\u00eda en derecho comercial, corporativo y procesal a empresas<br> del sector real, entre otros.<\/pre>\n<\/li>\n<p><!-- [et_pb_line_break_holder] -->     <\/p>\n<li>\n<pre style=\"font-family:lato; text-align: left;font-size:1.3vw;color:#000000\" >Asesor\u00eda y apoderamiento en conflictos de Gobierno Corporativo.<\/pre>\n<\/li>\n<p><!-- [et_pb_line_break_holder] -->    <\/p>\n<li>\n<pre style=\"font-family:lato; text-align: left;font-size:1.3vw;color:#000000\" >Asesor\u00eda en procesos de estructuraci\u00f3n e implementaci\u00f3n de<br>transacciones y adquisiciones, incluyendo los procesos de debida<br> diligencia (due diligence), negociaci\u00f3n y contratos.<\/pre>\n<\/li>\n<p><!-- [et_pb_line_break_holder] -->    <\/p>\n<li>\n<pre style=\"font-family:lato; text-align: left;font-size:1.3vw;color:#000000\" >Infraestructura y Proyectos.<\/pre>\n<\/li>\n<p><!-- [et_pb_line_break_holder] --><\/ul>\n<p>   <!-- [et_pb_line_break_holder] --><\/div>\n<p>\t<!-- [et_pb_line_break_holder] --><!-- [et_pb_line_break_holder] -->[\/et_pb_code][\/et_pb_column][\/et_pb_row][\/et_pb_section]<\/p>\n","protected":false},"excerpt":{"rendered":"<p>[et_pb_section fb_built=\u00bb1&#8243; _builder_version=\u00bb3.19.11&#8243; custom_padding=\u00bb54px|0px|28px|0px|false|false\u00bb][et_pb_row make_fullwidth=\u00bbon\u00bb custom_padding=\u00bb27px|0px|0|0px|false|false\u00bb _builder_version=\u00bb3.19.11&#8243;][et_pb_column type=\u00bb1_2&#8243; _builder_version=\u00bb3.19.11&#8243; parallax=\u00bboff\u00bb parallax_method=\u00bbon\u00bb][et_pb_image src=\u00bbhttp:\/\/osorioabogados.com\/wp-content\/uploads\/2020\/12\/Esmir-perfil-01.png\u00bb _builder_version=\u00bb3.19.11&#8243;][\/et_pb_image][\/et_pb_column][et_pb_column type=\u00bb1_2&#8243; _builder_version=\u00bb3.19.11&#8243; parallax=\u00bboff\u00bb parallax_method=\u00bbon\u00bb][et_pb_code _builder_version=\u00bb3.19.11&#8243;] Esmir Osorio Cano Socio y Gerente Formaci\u00f3n: Abogado.Universidad de San Buenaventura Cali. Especialista en Derecho Comercial.Universidad Pontificia Bolivariana de Medellin. Diplomado en derecho tributario.Universidad de San Buenaventura Cali. Merecedor de la calificaci\u00f3n \u00abSuma Cum Laude\u00bb o \u00abLaureada\u00bb [&hellip;]<\/p>\n","protected":false},"author":1,"featured_media":0,"parent":0,"menu_order":0,"comment_status":"closed","ping_status":"closed","template":"","meta":{"_et_pb_use_builder":"on","_et_pb_old_content":""},"_links":{"self":[{"href":"https:\/\/osorioabogados.com\/index.php\/wp-json\/wp\/v2\/pages\/299"}],"collection":[{"href":"https:\/\/osorioabogados.com\/index.php\/wp-json\/wp\/v2\/pages"}],"about":[{"href":"https:\/\/osorioabogados.com\/index.php\/wp-json\/wp\/v2\/types\/page"}],"author":[{"embeddable":true,"href":"https:\/\/osorioabogados.com\/index.php\/wp-json\/wp\/v2\/users\/1"}],"replies":[{"embeddable":true,"href":"https:\/\/osorioabogados.com\/index.php\/wp-json\/wp\/v2\/comments?post=299"}],"version-history":[{"count":14,"href":"https:\/\/osorioabogados.com\/index.php\/wp-json\/wp\/v2\/pages\/299\/revisions"}],"predecessor-version":[{"id":824,"href":"https:\/\/osorioabogados.com\/index.php\/wp-json\/wp\/v2\/pages\/299\/revisions\/824"}],"wp:attachment":[{"href":"https:\/\/osorioabogados.com\/index.php\/wp-json\/wp\/v2\/media?parent=299"}],"curies":[{"name":"wp","href":"https:\/\/api.w.org\/{rel}","templated":true}]}}